
What is the units digit of 65907/(-54)*((1 - -3) + -11 - -1)?
3
Let t be 5 - (-12 + 7 + 13). What is the hundreds digit of (-2)/(-8) - (-10140)/16 - t?
6
Suppose -17*p + 6 = -20*p, -4*v + 5*p + 5498 = 0. Suppose -3*u + h = -5160, -2*u + 4*h + 2078 = -v. What is the thousands digit of u?
1
What is the units digit of ((-18)/5)/((-93)/55180) + 5?
1
Let r = 21 + -18. Suppose 3*u + r = 3*l - 9, -2*l = 2*u - 12. What is the tens digit of 74/2 + (2 - u)?
3
Suppose -8*p + 0 = -56. Suppose 0*r - 14 = -p*r. Suppose -r*m + 207 = 49. What is the tens digit of m?
7
Suppose 42*q + 8*q + 7*q = 1276002. What is the hundreds digit of q?
3
Let m = -490 - -495. Suppose m*v = -2*t + 2018, 3*t - v + 1009 = 4*t. What is the tens digit of t?
0
Let s(r) = 7602*r**2 + 16*r - 1. What is the ten thousands digit of s(3)?
6
Let l be (-43 - -42)*(-2888)/2. Let v = l + -713. What is the units digit of v?
1
Suppose 5*y - 271300 = -4*j, 18*y = -38*j + 42*j + 976680. What is the hundreds digit of y?
2
What is the units digit of -7467*(80/(-12) + (-9 - -15))?
8
Let a be (-6 - 140/(-21))/(2/24). Suppose -10*n + a*n = -40. What is the tens digit of (138/4)/(15/n)?
4
What is the units digit of (-29)/174 - ((-9302)/12 - 2)?
7
Let j be 1 - (-3)/(2 + -3). What is the tens digit of (-16)/(-2)*j*(-337)/4?
4
Let n = 6920 - -235. What is the tens digit of n?
5
Let y be 9/(-18)*(-2 + 3 - 5091). Let o = y + -1445. What is the thousands digit of o?
1
What is the units digit of (-15892)/16*(-5 + -7)?
9
Suppose -z + 4*x = -6, -3*z + 10 = -3*x - 44. Let h = z + 255. What is the units digit of h?
7
Suppose -1387 - 385 = -4*b + 5*o, b - 4*o - 432 = 0. Let h = 211 + 17. Let s = b - h. What is the hundreds digit of s?
2
Let u = 141 + -131. Let y(f) = 33*f - 3. What is the units digit of y(u)?
7
Suppose -205*d + 317*d - 133616 = 0. What is the units digit of d?
3
Suppose 0*o - 2*o + 5*g + 23 = 0, -g - 10 = 5*o. What is the hundreds digit of (-4)/((-96)/9560) - o/(-3)?
3
Let u be (0/(0 + 2))/(-10 + 7). Suppose -3453 = -4*v - l + 15, 5*l = u. What is the units digit of v?
7
Let v(m) = 2*m**2 - 7*m - 33. Let i be v(14). Let c = 666 - i. What is the hundreds digit of c?
4
Suppose -8 = -c - 5*g, -3*c - 2*c + g + 14 = 0. Let p(t) = 67*t**2 - 18*t + 2. What is the hundreds digit of p(c)?
5
What is the ten thousands digit of 2324/(-83)*((-1)/(-3) + 31675/(-30))?
2
Suppose 0 = s - 12 + 6. Suppose s*k - 75 = 255. Suppose 0 = -4*j + 33 + k. What is the tens digit of j?
2
Suppose 16*d = 3*l + 21*d - 17317, -5*d - 28795 = -5*l. What is the tens digit of l?
6
Let o(s) = 22*s + 33. Let n be o(9). Suppose -5*i = -1076 + n. What is the hundreds digit of i?
1
Suppose -35 = k - 0*k. Let a = k + 37. Suppose 3*x - 71 = -a*f + 61, f + 2*x = 65. What is the units digit of f?
9
Let n(v) = 46*v**2 - 3*v + 98. What is the units digit of n(13)?
3
Let d(u) = -12*u**2 + 4*u - 1. Let v be d(-4). Let j = v - -377. Suppose 2*b = -2*b + j. What is the tens digit of b?
4
Let y(a) = -2*a**3 - 2*a**2 + 2*a. Let m be y(-2). Suppose -54*q = m*f - 49*q - 6612, 0 = -5*q + 20. What is the thousands digit of f?
1
Let x = 1089 - -8760. What is the tens digit of x?
4
Suppose 0 = 3*m + 3*o, o - 5*o = 20. Suppose m*x = 5*z - 45, -x - 1 = -z - 2*x. Suppose 144 = 5*i + c, -z*c - 32 = 3*i - 114. What is the units digit of i?
9
Let u = -33 - -70. Suppose u - 5 = 8*c. What is the tens digit of 54 - ((-8)/c - 2 - -2)?
5
Suppose 0 = -v + 5. Suppose -7 = -v*b - i, 0*i = i - 2. Let a = 0 + b. What is the units digit of a?
1
Suppose p = -3*n + 813 + 896, -2278 = -4*n - 2*p. Suppose -36*h + 2916 = 5*c - 38*h, 0 = c + 4*h - n. What is the tens digit of c?
8
Let d(w) = -83*w**3 - 9*w**2 - 10*w - 2. What is the hundreds digit of d(-4)?
2
Suppose 200 = -98*r + 118*r. Suppose 4466 = 12*b + r*b. What is the tens digit of b?
0
Suppose 3*t + 8646 = -33*h + 38*h, -3*h - 4*t + 5205 = 0. What is the thousands digit of h?
1
Suppose -18*a + 115660 + 90134 = 0. What is the units digit of a?
3
Let b(v) be the second derivative of v**4/6 + 8*v**3/3 - 19*v**2 + v - 35. What is the units digit of b(-18)?
2
Let h = -35341 + 86635. What is the thousands digit of h?
1
Let s be (6 - 3) + (4 - 2). Suppose z = s*z - 408. Let p = 171 - z. What is the units digit of p?
9
Let f(b) = -5*b. Suppose 3*n = 2*n + 4. Let y be f(n). What is the tens digit of (y + 8)*(-34)/6?
6
Suppose -v + 5*f - 2819 = v, 2*f - 6 = 0. What is the units digit of 22/(-77) + v/(-7)?
0
Let v(d) = 3*d**3 + 3*d**2 - 31*d - 12. Let p be v(-6). Let b = 442 + p. What is the tens digit of b?
7
Suppose 28*t - 32*t + 12508 = 2*i, -4*i + t = -24989. What is the thousands digit of i?
6
Let b be (-7 - (-1 - 6))*(-2)/6. Suppose -2*y + 3*i + 19 = b, -y + 2*y - i - 7 = 0. Suppose 71*a = 69*a + y. What is the units digit of a?
1
Let n = 142 + -134. What is the tens digit of (7 + 799)*n/16?
0
Let s = 337 - 382. Let a(d) = 2*d**2 + 77*d + 17. What is the tens digit of a(s)?
0
Let n be (6*4/60)/(1/(-1870)). Let c = -431 - n. What is the tens digit of c?
1
Let s = 140 + -46. Let a = 96 - s. What is the units digit of (a/3)/(((-4)/(-210))/2)?
0
Let d = 76 + -71. Suppose i - 302 = d. What is the units digit of i?
7
Suppose -2*r - a - 519 = 2*r, -3*r - a = 390. Let j = r - -307. Suppose -5*x - 5*o - j = -623, -4*o + 4 = 0. What is the tens digit of x?
8
Suppose 0 = -4*m + 2*h + 16702, 4*m - 8442 = -5*h + 8295. What is the units digit of m?
8
Let b be 0 - -1 - 11/((-66)/408). Suppose -q - 4*r - b = -606, -5*q + 2*r + 2663 = 0. What is the tens digit of q?
3
Let b = -8 - -11. Let r(f) = -14*f - 6. Let z be r(-1). Suppose -b*y = -z*y + 475. What is the units digit of y?
5
Let d = 142 - 131. Suppose -d*c - 2322 = -6216. What is the hundreds digit of c?
3
Suppose 13*v - 1987 = 444. Suppose 183*m + 784 = v*m. What is the hundreds digit of m?
1
Suppose -336 = -16*u - 8*u. Let w(a) = a**3 - 14*a**2 + 73*a + 26. What is the thousands digit of w(u)?
1
Suppose -p - 467 - 636 = -5*j, -452 = -2*j - 5*p. Let c = 10607 + -10702. Let w = c + j. What is the hundreds digit of w?
1
Let u = 78 - 76. Let s be u*-3*(-2919)/18. Suppose 7*z = s - 0. What is the tens digit of z?
3
Let c = 2719 + -1639. Suppose -3*g - 3222 = -3*i, -i - 12*g + c = -11*g. What is the tens digit of i?
7
Let s(f) = -19*f**2 - 2*f - 56. Let m be s(7). Let b = 369 - m. What is the units digit of b?
0
Let s be (-1382)/22 + 8/(-44). What is the units digit of (-1 - 149)*21/s?
0
Let l = -346 - -742. What is the units digit of (l/45)/((-1)/(-15))?
2
Let m = 48028 - 17561. What is the units digit of m?
7
Let i(j) be the second derivative of 7*j**3/3 + 252*j**2 - 3*j - 49. What is the tens digit of i(0)?
0
Suppose -4*w = -8 + 8. Suppose -a + 2 - 5 = w. What is the units digit of (-2 - 28)/a - 9/(-3)?
3
Suppose 2967*f - 3006*f + 640614 = 0. What is the units digit of f?
6
Let k(b) = -b**3 - 16*b**2 + 3*b + 53. Let n be k(-16). What is the tens digit of ((-14)/n)/((-17592)/(-1760) - 10)?
1
Let p = -43422 - -78915. What is the ten thousands digit of p?
3
Let x(z) = 2*z + 20. Let t be x(-9). Suppose -3*p + m = -967, 1597 = -3*p + 8*p + t*m. What is the tens digit of p?
2
Let n(r) be the third derivative of 127*r**4/24 - 5*r**3/6 - 85*r**2 - 1. What is the units digit of n(3)?
6
Let q = -165 + 44. Let c = -37 - q. Suppose 2*g - 2*h - 54 = 0, g + c = 4*g - 4*h. What is the tens digit of g?
2
Let m(p) = 3*p - 36. Let r be m(15). Let j(g) = -g - 58. Let z be j(r). Let o = z + 115. What is the tens digit of o?
4
Let p = 2051 + 910. What is the thousands digit of p?
2
Suppose 47*d = 23*d. Suppose 27*i - 37*i + 14400 = d. What is the hundreds digit of i?
4
Suppose -4*v - 4*c + 1328 = 0, -5*v = -0*v + 2*c - 1660. Suppose 4*f + 460 = 5*a - f, -4*a - 5*f = -v. What is the units digit of a?
8
Suppose -8*z + 553498 = 90*z - 147790. What is the units digit of z?
6
Let o = 8560 + -5603. What is the units digit of o?
7
Let f(q) = q**2 + 14*q + 4. Let v be f(-14). Suppose -4*u = -3*g - 895, -2*g + 331 = v*u - 539. What is the units digit of u?
0
Suppose 146 = w + 5*y - 65, 971 = 5*w + 4*y. Let j = w + -150. What is the units digit of j?
1
Let z(c) = 5*c - 25. Let s be z(6). Suppose -s*q - 5 = -30. Suppose -25 = -5*r, -2*f = -q*r - 82 + 3. What is the tens digit of f?
5
Let k(x) = 4*x**2 + 2*x**3 +